). Determine q(m).
-2
Let p(f) be the second derivative of f**6/120 - f**4/24 - f**3/6 - f**2/2 - 6*f. Let z(d) be the first derivative of p(d). Determine z(-2).
-7
Suppose 3*v - c + 19 = 0, -v - c - 4*c = 1. Let g(n) = 5*n - 6. Let o(z) = -9*z + 12. Let x(b) = -11*g(b) - 6*o(b). What is x(v)?
0
Let a(q) = -q + 1. Let n be 14/(-49) + (-18)/(-14). Let d(t) be the third derivative of -t**4/8 + 2*t**2. Let w be d(n). What is a(w)?
4
Let i(h) = h**3 + 3*h**2 + 1. Let o(w) = -6*w**3 - 16*w**2 - w - 5. Let k(y) = -11*i(y) - 2*o(y). Determine k(-2).
-17
Let z(k) be the third derivative of -k**6/120 - k**5/15 + 2*k**3/3 - k**2. Suppose -1 = b + 3. Determine z(b).
4
Let w(v) = 3*v**2 - 6*v + 4. Let p(i) = i - 1. Let q(m) = 5*p(m) + w(m). Determine q(-1).
3
Let m(i) = -i**3 + 14*i**2 - 24*i - 4. Let s be m(12). Let z(x) = x**2 + x - 4. Give z(s).
8
Let c(s) be the first derivative of -s**3/3 + 3*s**2 - 9*s + 6. Give c(6).
-9
Suppose 0 = 2*j - 3 + 5. Let q(w) = w**3 + 2*w**2 + 2*w + 7. Let d(y) = -y**2 - y + 1. Let n(l) = j*q(l) + 3*d(l). Give n(-3).
-7
Let k(c) = c. Let t = 66 - 64. Calculate k(t).
2
Let d(f) be the third derivative of -f**5/60 - 5*f**4/24 - f**3/3 + f**2. Let c be (10/(-15))/((-6)/(-45)). Calculate d(c).
-2
Let r(z) = z**2 + 6. Let x(k) = k**2 - k - 2. Let v be x(2). Let n be 2 + (v/3 - 2). What is r(n)?
6
Let o(p) = p**3 + 8*p**2 - p - 9. Let c be o(-8). Let b(v) = -3*v**2 - 8*v - 1. Let t(h) = 2*h**2 + 7*h + 1. Let l(w) = 5*b(w) + 6*t(w). What is l(c)?
-4
Let u be (0 - -21) + 8/(-4). Let f = 13 - u. Let y(p) = p**3 + 6*p**2 + p + 5. Give y(f).
-1
Let d(a) be the second derivative of 0*a**3 + 5*a + 0 + 3/10*a**5 + 1/2*a**2 - 1/6*a**4. Give d(-1).
-7
Let l = -27 - -56. Suppose 2*s - l = -13. Suppose 2*g - s = -0*g. Let y(a) = -a**3 + 4*a**2 - a - 2. What is y(g)?
-6
Suppose -4*f = 3*o - 9 - 1, o + 4*f = 14. Let h(a) = -a**2 - a. Calculate h(o).
-2
Suppose -4*w + 7 - 27 = -2*u, 4*w + 4*u = -32. Let n(t) = -t**2 - 6*t + 1. Determine n(w).
1
Let j(a) = 0 + 2*a - 6 + 3. What is j(-6)?
-15
Let s(q) = q**3 + 5*q**2 - q - 4. Suppose 3*w - 2 = 4. Suppose h = -h + w. Let x be (h*10)/(-2) - 0. Determine s(x).
1
Suppose 2*p - 5*k + 3 = 0, 4*p - 2*p = -k - 9. Let y be (-6)/(-8) + (-17)/p. Let s(h) = -2*h + 1. Calculate s(y).
-9
Let y = 55 + -36. Suppose 5*n + c = -y, -c = -4*n + c - 18. Let b(z) = z**2 + 6*z + 3. Let v(s) = -s**2 - 7*s - 4. Let m(o) = -3*b(o) - 2*v(o). Calculate m(n).
-1
Let m = 5 + 0. Suppose -y + 2 - m = 0, 2*r = 5*y + 11. Let c be r/(2*2/(-2)). Let o(v) = -4*v**3 + v - 1. Determine o(c).
-4
Let d(u) = -u**3 + u**2 + 4*u - 4. Let p = 16 - 12. Let i(h) = -h**3 + h**2 + 3*h - 4. Let v(s) = p*i(s) - 3*d(s). Calculate v(0).
-4
Let b(a) = 5*a - 4*a - 1 + 8. What is b(-3)?
4
Suppose -4 = s - 0*s. Let b(d) be the third derivative of -d**6/120 - d**5/20 + d**4/12 - d**3/3 - 2*d**2. Determine b(s).
6
Let t(b) = -b**3 + 2*b - 1. Let d be 6/(-15) + (-16)/10. Let g be d/(-7) - 12/(-7). What is t(g)?
-5
Let v(u) = -6*u**3 + 4*u**2 + 2. Suppose 0 = -3*d - 12, -5*p + 2*d = -d - 42. Let c(l) = 7*l**3 - 4*l**2 - 3. Let i(z) = p*v(z) + 5*c(z). Give i(4).
-3
Let i(k) be the third derivative of -1/60*k**5 + 3*k**2 - 1/120*k**6 + 0*k + 0 + 1/6*k**3 + 1/12*k**4. What is i(2)?
-7
Let m(o) = -o + 4. Let q be m(7). Let t(z) = -z**2 - 3*z - 2. What is t(q)?
-2
Let c(m) = 2*m + 2. Suppose -2*u = 5*g - 22, 0*u - g = 3*u - 20. Give c(u).
14
Let t(m) = -m**3 - 4*m + 0*m**3 + 6 - 6*m**2 + 5*m. Suppose 28 = -4*r + 2*i, 2*i = -3*r + 7*i - 28. Give t(r).
0
Let z(q) = -11*q**2 + 35*q - 10. Suppose 0 = -5*a + 33 + 7. Let p(l) = 7*l**2 - 23*l + 7. Let j(g) = a*p(g) + 5*z(g). Calculate j(4).
-14
Let r(z) = 34*z**2 - 63*z**2 - 1 - 7*z + 28*z**2. What is r(-7)?
-1
Let o(y) = -6*y**2 + 14*y**2 - 6*y - 7*y**2. Give o(3).
-9
Let y(x) = -x**3 - 5*x**2 + x + 3. Let m be y(-5). Let w(f) be the second derivative of 1/6*f**3 + 1/2*f**2 + 0 - f. What is w(m)?
-1
Let y be 2/8 - 21/(-12). Let o(w) = 2*w**2 - 2*w**y + 6*w**3 - w. Determine o(-1).
-5
Let d(g) = -g**3 + 5*g**2 + 2*g - 8. Let j be d(5). Let k(p) = 0*p**j - p**2 + 0*p**2 + 4. Give k(-4).
-12
Suppose 4*m - 18 = -3*l, l + 2*l + 9 = 5*m. Let q(t) be the third derivative of -1/24*t**4 - 2*t**2 + 0*t + 0 + 1/30*t**5 - 1/3*t**3. Calculate q(l).
4
Let b(v) = 18 - 11 - v - 11. Let u(i) = i**3 + i + 3. Let r be u(0). What is b(r)?
-7
Let v(a) be the third derivative of -a**4/24 + a**3 + 3*a**2. Let i(n) = n - 5. Let b(k) = -5*i(k) - 4*v(k). Calculate b(6).
-5
Suppose 0*h = -5*h + 5. Let y(f) = 0 + 10*f**2 + 2 - h + f. Determine y(-1).
10
Suppose 5*x - 4*b = 17, -3*b - 5 = -3*x + 2*b. Let s(o) = 4*o + 112 - 113 - o**3 + 0*o**3 + 4*o**2 - o. Determine s(x).
-11
Let u(z) = 21*z - 41*z + 19*z. Determine u(-8).
8
Let x(u) = -2*u**3 + 6*u**2 + 74 + u**3 - 2*u - 65. Calculate x(6).
-3
Let b be 2 + -3 + 2/(-1). Let g = -11 - -13. Let d(h) = -h - 3*h + 3*h + g + 0*h. What is d(b)?
5
Let j = -43 - -25. Let t be 6/(-27) - 58/j. Let l(u) = 3*u - 4*u + u**2 - 2*u**2 + 3*u**t. Give l(-1).
-3
Let b = -12 + 15. Let s(x) = -2 + 9*x - 90*x**3 - 2*x + 91*x**b - 7*x**2. Determine s(6).
4
Let p(v) = -1 + 3*v**3 + 4 + 5*v - 4*v**3. Determine p(-3).
15
Let y be (-4 + 11/3)/(-1). Let j(l) be the second derivative of -y*l**3 + 0 - 3*l + 3/2*l**2. Give j(2).
-1
Let o(g) = -g - 9. Let v be (-114)/(-57)*(-1)/2*7. Calculate o(v).
-2
Let s(k) = -k**2 - 5*k + 1. Let w(c) = -2 + 3 + 0 - c. Let b(t) = s(t) - 2*w(t). Determine b(-4).
-5
Let f(p) = p**3 - 6*p - 9. Let q(i) = -i**2. Let c(m) = f(m) - 5*q(m). Suppose 0*z - z - 6 = 0. Determine c(z).
-9
Let l(o) = -4*o + 1. Let w be l(3). Let n = -6 - w. Suppose 0 = -n*c - y - 18, 0*c - 4*c = -4*y. Let u(z) = -2*z - 3. Determine u(c).
3
Let r(w) = 4*w - 5*w + 7*w + 6*w. Let q(o) = -o**2 + 8*o - 6. Let h be q(7). Give r(h).
12
Suppose c - 5*g - 4 = 0, 2*c = -2*c + 5*g + 1. Let i(n) = 2*n**3 + n**2. Give i(c).
-1
Let p(u) = -u**3 - 4*u**2 + u. Suppose -l - c = c - 7, -4*l - c = 7. Give p(l).
-12
Let x(z) = -z**3 + 6*z**2 - 4*z - 3. Let r(k) = k**2 - 9*k - 5. Let g be (-42)/(-4) + 2/(-4). Let l be r(g). Determine x(l).
2
Suppose -4*h + 0 = -3*w - 6, -2*w = 4. Suppose h = 8*y - 5*y + 15. Let z(x) = -3 - x**3 + 7*x + 2*x**3 + 10 + 6*x**2. Give z(y).
-3
Suppose -6*r + 8 = -2*r. Let p be (-2 + -4)*r/(-4). Let c(h) = -2*h - 3. Give c(p).
-9
Let x(t) be the first derivative of 11/2*t**2 - 4 + 0*t. Determine x(1).
11
Let s(v) be the first derivative of -v**3/3 - 2*v**2 - 6*v + 6. Determine s(-4).
-6
Suppose -4 = 4*n + 24. Let u(r) = r**3 + 7*r**2 + 3*r + 9. Determine u(n).
-12
Let q(d) = -2*d**2 - 3*d. Suppose -7*u - 16 = -2. What is q(u)?
-2
Let y(l) = -l**3 - l**2 + 5*l + 4. Let v be 2/2*(-3 - -2). Let k(p) = 3*p**3 - p - 1. Let x be k(v). Calculate y(x).
7
Let u(o) = o**2 + 2 + 7*o + 0*o**2 - 1. Let t be ((-2)/6*0)/2. Suppose t*z = 3*z + 18. What is u(z)?
-5
Let a(o) be the third derivative of -11*o**4/24 - o**3/6 + o**2. Suppose 3 = -0*i - 3*i. What is a(i)?
10
Let a(k) be the second derivative of -k**4/12 - 3*k**3/2 - 11*k**2/2 - 2*k. Determine a(-8).
-3
Let i(q) = -q + 9. Suppose 0 = 16*t - 11*t - 45. What is i(t)?
0
Let b(f) be the first derivative of -3*f + 5/2*f**2 + 1/3*f**3 + 3. Give b(-6).
3
Suppose -310*b = -316*b - 6. Let p(a) = -3*a - a**2 + 9*a**2 + 2*a. Give p(b).
9
Suppose 2*x + 10 = -5*y, -x + y + 0*y + 9 = 0. Let n(i) = -2*i**3 - x*i**2 + 6*i + 31 + i**3 - 23. Determine n(-6).
8
Let w be (3 - 1)*22/4. Let s(r) = -22*r**3 + 7*r**2 + 4*r - 13. Let t(v) = -11*v**3 + 4*v**2 + 2*v - 7. Let k(h) = w*t(h) - 6*s(h). What is k(1)?
12
Let d(h) = h**2 + 1. Let f(l) = -14*l**2 + 6*l - 16. Let n(w) = 12*d(w) + f(w). Suppose -13*i + 14 = -11*i - 3*s, 2*s = -4*i + 12. What is n(i)?
-12
Suppose -3*b = -5*b + 6. Let v(j) = 4 + 0 + b*j - 4*j. Let w = 4 + -4. Give v(w).
4
Let q(x) = -11*x - 25. Let s(l) = 5*l + 12. Let h(j) = 6*q(j) + 13*s(j). What is h(0)?
6
Let s(f) = 32 - 2*f - 22 - f + 2*f. What is s(5)?
5
Let c(b) = 2. Suppose -3*w = 4 - 16. Let s(n) be the third derivative of -n**4/24 - 5*n**3/6 - n**2. Let v(g) = w*s(g) + 9*c(g). Calculate v(-2).
6
Let s(g) = -g + 7. Suppose 5*r - 2*c = -19, -5*c - 5 = -2*r - 0. Let p = 17 + r. Suppose -3*h + h = -p. Give s(h).
1
Let x(f) = -5*f - 3. Suppose -4 = h - 12. Suppo